{"id":1096,"date":"2024-01-21T22:50:38","date_gmt":"2024-01-21T21:50:38","guid":{"rendered":"https:\/\/new.ontel.no\/?post_type=product&#038;p=1096"},"modified":"2026-04-13T16:31:57","modified_gmt":"2026-04-13T14:31:57","slug":"huawei-stereo-orepropper-m-mic-usb-c-ga0296","status":"publish","type":"product","link":"https:\/\/ontel.no\/index.php\/produkt\/huawei-stereo-orepropper-m-mic-usb-c-ga0296\/","title":{"rendered":"Huawei Stereo \u00f8repropper m\/mic USB-C CM33"},"content":{"rendered":"<div>Kan ogs\u00e5 v\u00e6re merket GA0296, GH59-15198A, GH59-15252A, GH59-15106A, GH39-02060A eller EP-DG980<\/div>\n","protected":false},"excerpt":{"rendered":"<div>Tilbeh\u00f8r til Huawei (og enkelte andre telefoner med USB-C, men fungerer IKKE p\u00e5 f.eks. Samsung telefoner. Har ogs\u00e5 testet p\u00e5 andre merker der de ikke fungerer: Motorola, Samsung&#8230;.<\/div>\n<div>CM33 \/\u00a0GA0296<\/div>\n","protected":false},"featured_media":1097,"comment_status":"open","ping_status":"closed","template":"","meta":[],"product_brand":[],"product_cat":[288,24,120,110,112,99,16],"product_tag":[683],"woo-feed-brand":[198],"class_list":{"0":"post-1096","1":"product","2":"type-product","3":"status-publish","4":"has-post-thumbnail","6":"product_cat-288","7":"product_cat-headphones","8":"product_cat-lyd","9":"product_cat-lydprodukter","10":"product_cat-earphones-headphones","11":"product_cat-phone-accessories","12":"product_cat-ukategorisert","13":"product_tag-diverse","14":"woo-feed-brand-huawei","16":"first","17":"instock","18":"taxable","19":"shipping-taxable","20":"purchasable","21":"product-type-simple"},"_links":{"self":[{"href":"https:\/\/ontel.no\/index.php\/wp-json\/wp\/v2\/product\/1096","targetHints":{"allow":["GET"]}}],"collection":[{"href":"https:\/\/ontel.no\/index.php\/wp-json\/wp\/v2\/product"}],"about":[{"href":"https:\/\/ontel.no\/index.php\/wp-json\/wp\/v2\/types\/product"}],"replies":[{"embeddable":true,"href":"https:\/\/ontel.no\/index.php\/wp-json\/wp\/v2\/comments?post=1096"}],"wp:featuredmedia":[{"embeddable":true,"href":"https:\/\/ontel.no\/index.php\/wp-json\/wp\/v2\/media\/1097"}],"wp:attachment":[{"href":"https:\/\/ontel.no\/index.php\/wp-json\/wp\/v2\/media?parent=1096"}],"wp:term":[{"taxonomy":"product_brand","embeddable":true,"href":"https:\/\/ontel.no\/index.php\/wp-json\/wp\/v2\/product_brand?post=1096"},{"taxonomy":"product_cat","embeddable":true,"href":"https:\/\/ontel.no\/index.php\/wp-json\/wp\/v2\/product_cat?post=1096"},{"taxonomy":"product_tag","embeddable":true,"href":"https:\/\/ontel.no\/index.php\/wp-json\/wp\/v2\/product_tag?post=1096"},{"taxonomy":"woo-feed-brand","embeddable":true,"href":"https:\/\/ontel.no\/index.php\/wp-json\/wp\/v2\/woo-feed-brand?post=1096"}],"curies":[{"name":"wp","href":"https:\/\/api.w.org\/{rel}","templated":true}]}}