{"id":1108,"date":"2024-01-22T10:45:13","date_gmt":"2024-01-22T09:45:13","guid":{"rendered":"https:\/\/new.ontel.no\/?post_type=product&#038;p=1108"},"modified":"2026-04-19T16:46:07","modified_gmt":"2026-04-19T14:46:07","slug":"tastaturetiketter-m-kun-norske-tegn-for-utenlandske-mac-pc-tastatur","status":"publish","type":"product","link":"https:\/\/ontel.no\/index.php\/produkt\/tastaturetiketter-m-kun-norske-tegn-for-utenlandske-mac-pc-tastatur\/","title":{"rendered":"Tastaturetiketter m\/KUN* norske tegn for utenlandske MAC\/PC-tastatur"},"content":{"rendered":"<p>PDFer: <a href=\"https:\/\/ontel.no\/wp-content\/uploads\/2024\/01\/Bruksanvisning-tastatur-etikett.pdf\" target=\"_blank\" rel=\"noopener\">Bruksanvisning tastatur etikett<\/a> og <a href=\"https:\/\/ontel.no\/wp-content\/uploads\/2024\/01\/Bruksanvisning-MINI-tastatur-etikett.pdf\" target=\"_blank\" rel=\"noopener\">Bruksanvisning MINI-tastatur etikett<\/a><\/p>\n<p>Bokstavene er enten M\u00d8RKE (p\u00e5 gjennomsiktige etiketter) s\u00e5 tegnene synes godt p\u00e5 lyse tastaturer (ved siden av de originale tegnene p\u00e5 tastaturet), eller motsatt: LYSE (p\u00e5 gjennomsiktige etiketter) som passer til m\u00f8rke tastaturer.<\/p>\n<p>Norske etiketter til utenlandske tastaturer). For MAC eller PC med taster som er fra 14mm og mer i h\u00f8yde (og minst 11mm brede), kan du benytte &laquo;STOR&raquo;, for alle tastaturer kan du ogs\u00e5 bruke &laquo;MINI&raquo;. Spesielle etiketter til MAC-tastaturer er ogs\u00e5 med (i tillegg til PC). Ypperlig ogs\u00e5 p\u00e5 MAC som kj\u00f8rer b\u00e5de MAC OS og Windows samtidig! Etikettene er gjennomsiktige med norske tegn (og noen bl\u00e5 Fn-symboler)&#8230;<br \/>\nBruksanvisning for montering f\u00f8lger med. De kan benyttes p\u00e5 b\u00e5de brukte og nye tastaturer, og du vil etter montering kunne bruke tasturet som om det var et originalt norsk tastatur.<br \/>\nMan m\u00e5 velge norsk tastatur i OS, og det kan man jo selvsagt gj\u00f8re ogs\u00e5 uten dette KIT&#8217;et, men da ser man jo ikke hvor de forskjellige tegnene som er annerledes befinner seg.<\/p>\n<p><strong>Bruksanvisning for bokstav\/tegn-kit (Apple MacBook-serien og PC):<\/strong><\/p>\n<p>Dette settet inneholder klistremerker med ulike bokstaver og tegn slik at du enkelt kan gj\u00f8re om engelsk tastatur til norsk. Hovedsymbolene til klistrelappene skal v\u00e6re hvite ved m\u00f8rkt tastatur, og sorte ved hvitt tastatur. F\u00f8lger du instruksjonene under, garanteres det at etikettene sitter godt p\u00e5 plass s\u00e5 lenge maskinen benyttes (livstidsgaranti). Vi erstatter enhver etikett dersom den skulle l\u00f8sne helt eller delvis, eller dersom de skulle slites e.l.<\/p>\n<p>Monter etikettene helst f\u00f8r tastaturet tas i bruk. Dersom tastene er brukt m\u00e5 disse renses med litt r\u00f8dsprit p\u00e5 en klut for \u00e5 fjerne fett\/smuss. Det kan ogs\u00e5 benyttes andre rensemidler, men ikke noe som legger igjen belegg (NB! whitespirit inneholder olje som gir belegg).<\/p>\n<p>Unng\u00e5 fingerber\u00f8ring p\u00e5 baksiden av etiketten. Benytt pinsett, kniv eller lignende og monter etiketten umiddelbart.<\/p>\n<p>Merk:<br \/>\nEnkelte taster vil ha forskjellig funksjon i Windows og Mac. Det er sm\u00e5 detaljer man m\u00e5 v\u00e6re oppmerksom p\u00e5 dersom man skifter mellom operativsystemene. Dersom det skal stemme 100% i begge operativsystemer m\u00e5 man benytte f.eks \u00abremapping\u00bb (omfordeling av tastaturfunksjoner i det ene operativsystemet). Dette er is\u00e5fall tilgjengelig for Windows.<\/p>\n<p>Tegnene som st\u00e5r p\u00e5 utsiden av den store rammen p\u00e5 illustrasjonen over er de tegnene som er p\u00e5 tastaturet p\u00e5 maskinen fra f\u00f8r. Etikettene inni rammen skal settes p\u00e5 tastene med de tegnene p\u00e5 fra f\u00f8r slik at de norske symbolene kommer til h\u00f8yre p\u00e5 tasten.<\/p>\n<p>Etikettene som p\u00e5 bildet er innrammet: velg en av to alternativer.<\/p>\n<p>Etikettene som p\u00e5 bildet er overkrysset: de vi ikke ville valgt dersom du benytter b\u00e5de Windows og Mac OS X p\u00e5 samme Apple MacBook.<\/p>\n<p>Dersom du KUN skal bruke Mac OS X b\u00f8r du ikke benytte etiketter merket Windows.<\/p>\n<p>For PC benyttes ikke etikettene som er merket Mac.<\/p>\n","protected":false},"excerpt":{"rendered":"<p>NB! Etikettene er <strong>gjennomsiktige<\/strong> med tegn som vil synes (enten <strong>hvite<\/strong> eller <strong>sorte<\/strong>) til h\u00f8yre for det som er trykt p\u00e5 tastene! *Dette settet er beregnet p\u00e5 deg som har tastatur med alle bokstaver fra A-Z (f.eks. US\/engelsk layout) uten norske tegn som \u00c6\u00d8\u00c5 og andre tegn som befinner seg p\u00e5 andre plasser enn p\u00e5 det engelske tastaturet. Det er alts\u00e5 ikke et komplett sett med de vanlige bokstavene Q,W,E,R,T,Y osv. (forutsetter at du har disse). Du kan evt. kj\u00f8pe dette settet og kombinere det med et &laquo;billig&raquo; KIT du kan f\u00e5 kj\u00f8pt p\u00e5 nett med de vanlige bokstavene (A-Z). M\u00e5l &laquo;ALLE&raquo;: tastene m\u00e5 v\u00e6re minst 11Bx10H mm (ikke noe i veien for \u00e5 bruke p\u00e5 st\u00f8rre taster), og STOR: 11Bx13H mm (alts\u00e5 litt h\u00f8yere enn &laquo;ALLE&raquo;). PDFer: <a href=\"https:\/\/ontel.no\/wp-content\/uploads\/2024\/01\/Bruksanvisning-tastatur-etikett.pdf\" target=\"_blank\" rel=\"noopener\">Bruksanvisning tastatur etikett<\/a> og <a href=\"https:\/\/ontel.no\/wp-content\/uploads\/2024\/01\/Bruksanvisning-MINI-tastatur-etikett.pdf\" target=\"_blank\" rel=\"noopener\">Bruksanvisning MINI-tastatur etikett.<\/a><\/p>\n","protected":false},"featured_media":1114,"comment_status":"open","ping_status":"closed","template":"","meta":[],"product_brand":[],"product_cat":[91,22,92,94,93,682,16],"product_tag":[209,208,514],"woo-feed-brand":[207],"class_list":{"0":"post-1108","1":"product","2":"type-product","3":"status-publish","4":"has-post-thumbnail","6":"product_cat-laptops","7":"product_cat-computers","8":"product_cat-pcs","9":"product_cat-macbooks","10":"product_cat-pc-accessories","11":"product_cat-tastaturetiketter","12":"product_cat-ukategorisert","13":"product_tag-etiketter","14":"product_tag-tastatur","15":"product_tag-tastaturetikett","16":"woo-feed-brand-3m","18":"first","19":"instock","20":"taxable","21":"shipping-taxable","22":"purchasable","23":"product-type-variable","24":"has-default-attributes"},"_links":{"self":[{"href":"https:\/\/ontel.no\/index.php\/wp-json\/wp\/v2\/product\/1108","targetHints":{"allow":["GET"]}}],"collection":[{"href":"https:\/\/ontel.no\/index.php\/wp-json\/wp\/v2\/product"}],"about":[{"href":"https:\/\/ontel.no\/index.php\/wp-json\/wp\/v2\/types\/product"}],"replies":[{"embeddable":true,"href":"https:\/\/ontel.no\/index.php\/wp-json\/wp\/v2\/comments?post=1108"}],"wp:featuredmedia":[{"embeddable":true,"href":"https:\/\/ontel.no\/index.php\/wp-json\/wp\/v2\/media\/1114"}],"wp:attachment":[{"href":"https:\/\/ontel.no\/index.php\/wp-json\/wp\/v2\/media?parent=1108"}],"wp:term":[{"taxonomy":"product_brand","embeddable":true,"href":"https:\/\/ontel.no\/index.php\/wp-json\/wp\/v2\/product_brand?post=1108"},{"taxonomy":"product_cat","embeddable":true,"href":"https:\/\/ontel.no\/index.php\/wp-json\/wp\/v2\/product_cat?post=1108"},{"taxonomy":"product_tag","embeddable":true,"href":"https:\/\/ontel.no\/index.php\/wp-json\/wp\/v2\/product_tag?post=1108"},{"taxonomy":"woo-feed-brand","embeddable":true,"href":"https:\/\/ontel.no\/index.php\/wp-json\/wp\/v2\/woo-feed-brand?post=1108"}],"curies":[{"name":"wp","href":"https:\/\/api.w.org\/{rel}","templated":true}]}}