{"id":15955,"date":"2026-01-04T19:55:49","date_gmt":"2026-01-04T18:55:49","guid":{"rendered":"https:\/\/ontel.no\/?post_type=product&#038;p=15955"},"modified":"2026-04-29T13:42:17","modified_gmt":"2026-04-29T11:42:17","slug":"apple-iphone-17-pro-dual-esim","status":"publish","type":"product","link":"https:\/\/ontel.no\/index.php\/produkt\/apple-iphone-17-pro-dual-esim\/","title":{"rendered":"Apple iPhone 17 PRO dual eSIM*"},"content":{"rendered":"<p>Prisen gjelder kun telefon. Legg til, ladekabel, USB-lader og beskyttelse (anbefales) dersom du trenger det.<\/p>\n<p><a href=\"https:\/\/ontel.no\/index.php\/2023\/11\/16\/nye-graderinger-f-o-m-2024\/\" target=\"_blank\" rel=\"noopener\">Les her om graderinger og batterikapasitet p\u00e5 brukte produkter (gradering A, B, C og D)<\/a>.<\/p>\n","protected":false},"excerpt":{"rendered":"<p>*mulighet for 1 eller 2 eSIM (IKKE fysisk SIM)!\u00a0Du m\u00e5 velge blant tilgjengelige alternativer (p\u00e5 lager) for \u00e5 f\u00e5 riktig pris og mulighet til \u00e5 legge til handlekurven. NB! Se lenger ned for aktuelt tilbeh\u00f8r (brukte iPhone kommer uten tilbeh\u00f8r &#8211; husk ladekabel, lader og beskyttelse. Alt virker p\u00e5 telefonen. Gradering er kun kosmetisk, <a href=\"https:\/\/ontel.no\/index.php\/2023\/11\/16\/nye-graderinger-f-o-m-2024\/\">les mer om dette (og batterikapasitet) her<\/a>. Super Retina XDR OLED-skjerm, Bakkameraer: 48+48+48 MP, Helaluminium-konstruksjon for 20x bedre varmeoverf\u00f8ring, Frontkamera: 18 MP Center Stage, Kraftig A19 Pro-brikke. Reklamasjonsrett fra oss er samme som om du kj\u00f8per ny telefon (ogs\u00e5 n\u00e5r det gjelder batteri).<\/p>\n<p><a href=\"https:\/\/www.youtube.com\/watch?v=_-AS5DtDeqs\" target=\"_blank\" rel=\"noopener\"><img decoding=\"async\" class=\"alignnone size-full wp-image-16195 lazyload\" data-src=\"https:\/\/ontel.no\/wp-content\/uploads\/2026\/01\/iphone-17-pro-youtube.webp\" alt=\"\" width=\"400\" height=\"226\" data-srcset=\"https:\/\/ontel.no\/wp-content\/uploads\/2026\/01\/iphone-17-pro-youtube.webp 400w, https:\/\/ontel.no\/wp-content\/uploads\/2026\/01\/iphone-17-pro-youtube-133x75.webp 133w, https:\/\/ontel.no\/wp-content\/uploads\/2026\/01\/iphone-17-pro-youtube-300x170.webp 300w\" data-sizes=\"auto\" src=\"data:image\/svg+xml;base64,PHN2ZyB3aWR0aD0iMSIgaGVpZ2h0PSIxIiB4bWxucz0iaHR0cDovL3d3dy53My5vcmcvMjAwMC9zdmciPjwvc3ZnPg==\" style=\"--smush-placeholder-width: 400px; --smush-placeholder-aspect-ratio: 400\/226;\" data-original-sizes=\"(max-width:767px) 400px, 400px\" \/><\/a><\/p>\n","protected":false},"featured_media":15959,"comment_status":"open","ping_status":"closed","template":"","meta":[],"product_brand":[],"product_cat":[96,98,25,16],"product_tag":[],"woo-feed-brand":[184],"class_list":{"0":"post-15955","1":"product","2":"type-product","3":"status-publish","4":"has-post-thumbnail","6":"product_cat-5g-phones","7":"product_cat-brukte-telefoner","8":"product_cat-smartphones","9":"product_cat-ukategorisert","10":"woo-feed-brand-apple","12":"first","13":"instock","14":"sale","15":"taxable","16":"shipping-taxable","17":"purchasable","18":"product-type-variable","19":"has-default-attributes"},"_links":{"self":[{"href":"https:\/\/ontel.no\/index.php\/wp-json\/wp\/v2\/product\/15955","targetHints":{"allow":["GET"]}}],"collection":[{"href":"https:\/\/ontel.no\/index.php\/wp-json\/wp\/v2\/product"}],"about":[{"href":"https:\/\/ontel.no\/index.php\/wp-json\/wp\/v2\/types\/product"}],"replies":[{"embeddable":true,"href":"https:\/\/ontel.no\/index.php\/wp-json\/wp\/v2\/comments?post=15955"}],"wp:featuredmedia":[{"embeddable":true,"href":"https:\/\/ontel.no\/index.php\/wp-json\/wp\/v2\/media\/15959"}],"wp:attachment":[{"href":"https:\/\/ontel.no\/index.php\/wp-json\/wp\/v2\/media?parent=15955"}],"wp:term":[{"taxonomy":"product_brand","embeddable":true,"href":"https:\/\/ontel.no\/index.php\/wp-json\/wp\/v2\/product_brand?post=15955"},{"taxonomy":"product_cat","embeddable":true,"href":"https:\/\/ontel.no\/index.php\/wp-json\/wp\/v2\/product_cat?post=15955"},{"taxonomy":"product_tag","embeddable":true,"href":"https:\/\/ontel.no\/index.php\/wp-json\/wp\/v2\/product_tag?post=15955"},{"taxonomy":"woo-feed-brand","embeddable":true,"href":"https:\/\/ontel.no\/index.php\/wp-json\/wp\/v2\/woo-feed-brand?post=15955"}],"curies":[{"name":"wp","href":"https:\/\/api.w.org\/{rel}","templated":true}]}}

<p>Prisen gjelder kun telefon. Legg til, ladekabel, USB-lader og beskyttelse (anbefales) dersom du trenger det.</p>
<p><a href="https://ontel.no/index.php/2023/11/16/nye-graderinger-f-o-m-2024/" target="_blank" rel="noopener">Les her om graderinger og batterikapasitet på brukte produkter (gradering A, B, C og D)</a>.</p>

<p>*mulighet for 1 eller 2 eSIM (IKKE fysisk SIM)! Du må velge blant tilgjengelige alternativer (på lager) for å få riktig pris og mulighet til å legge til handlekurven. NB! Se lenger ned for aktuelt tilbehør (brukte iPhone kommer uten tilbehør &#8211; husk ladekabel, lader og beskyttelse. Alt virker på telefonen. Gradering er kun kosmetisk, <a href="https://ontel.no/index.php/2023/11/16/nye-graderinger-f-o-m-2024/">les mer om dette (og batterikapasitet) her</a>. Super Retina XDR OLED-skjerm, Bakkameraer: 48+48+48 MP, Helaluminium-konstruksjon for 20x bedre varmeoverføring, Frontkamera: 18 MP Center Stage, Kraftig A19 Pro-brikke. Reklamasjonsrett fra oss er samme som om du kjøper ny telefon (også når det gjelder batteri).</p>
<p><a href="https://www.youtube.com/watch?v=_-AS5DtDeqs" target="_blank" rel="noopener"><img decoding="async" class="alignnone size-full wp-image-16195 lazyload" data-src="https://ontel.no/wp-content/uploads/2026/01/iphone-17-pro-youtube.webp" alt="" width="400" height="226" data-srcset="https://ontel.no/wp-content/uploads/2026/01/iphone-17-pro-youtube.webp 400w, https://ontel.no/wp-content/uploads/2026/01/iphone-17-pro-youtube-133x75.webp 133w, https://ontel.no/wp-content/uploads/2026/01/iphone-17-pro-youtube-300x170.webp 300w" data-sizes="auto" src="data:image/svg+xml;base64,PHN2ZyB3aWR0aD0iMSIgaGVpZ2h0PSIxIiB4bWxucz0iaHR0cDovL3d3dy53My5vcmcvMjAwMC9zdmciPjwvc3ZnPg==" style="--smush-placeholder-width: 400px; --smush-placeholder-aspect-ratio: 400/226;" data-original-sizes="(max-width:767px) 400px, 400px" /></a></p>
