{"id":2003,"date":"2024-02-21T21:56:20","date_gmt":"2024-02-21T20:56:20","guid":{"rendered":"https:\/\/ontel.no\/?post_type=product&#038;p=2003"},"modified":"2026-04-13T16:25:19","modified_gmt":"2026-04-13T14:25:19","slug":"vanntett-forsegling-for-iphone-8-plus-7-plus-6s-plus-for-hvit-skjerm","status":"publish","type":"product","link":"https:\/\/ontel.no\/index.php\/produkt\/vanntett-forsegling-for-iphone-8-plus-7-plus-6s-plus-for-hvit-skjerm\/","title":{"rendered":"Vanntett forsegling for iPhone 8-PLUS \/ 7-PLUS \/ 6S-PLUS for hvit skjerm"},"content":{"rendered":"","protected":false},"excerpt":{"rendered":"<p>*Vanntett: hjelper mot vanninntrengning, men ingen garanti fra verken oss eller produsent\u00a0 da det avhenger av flere faktorer som installasjon osv. NB! Krever spesial-verkt\u00f8y, kunnskap og erfaring for installasjon. Dersom du uf\u00f8rer batteribytte profesjonelt for andre, ta kontakt f\u00f8rst for \u00e5 f\u00e5 forhandlerstatus, og logg inn som forhandler. Verkt\u00f8y er ikke inkludert. Farge og modell stemmer ikke n\u00f8dvendigvis med bildet.<\/p>\n","protected":false},"featured_media":2004,"comment_status":"open","ping_status":"closed","template":"","meta":[],"product_brand":[],"product_cat":[288,99,16],"product_tag":[683],"woo-feed-brand":[185],"class_list":{"0":"post-2003","1":"product","2":"type-product","3":"status-publish","4":"has-post-thumbnail","6":"product_cat-288","7":"product_cat-phone-accessories","8":"product_cat-ukategorisert","9":"product_tag-diverse","10":"woo-feed-brand-ontel-oem-diverse","12":"first","13":"instock","14":"taxable","15":"shipping-taxable","16":"purchasable","17":"product-type-simple"},"_links":{"self":[{"href":"https:\/\/ontel.no\/index.php\/wp-json\/wp\/v2\/product\/2003","targetHints":{"allow":["GET"]}}],"collection":[{"href":"https:\/\/ontel.no\/index.php\/wp-json\/wp\/v2\/product"}],"about":[{"href":"https:\/\/ontel.no\/index.php\/wp-json\/wp\/v2\/types\/product"}],"replies":[{"embeddable":true,"href":"https:\/\/ontel.no\/index.php\/wp-json\/wp\/v2\/comments?post=2003"}],"wp:featuredmedia":[{"embeddable":true,"href":"https:\/\/ontel.no\/index.php\/wp-json\/wp\/v2\/media\/2004"}],"wp:attachment":[{"href":"https:\/\/ontel.no\/index.php\/wp-json\/wp\/v2\/media?parent=2003"}],"wp:term":[{"taxonomy":"product_brand","embeddable":true,"href":"https:\/\/ontel.no\/index.php\/wp-json\/wp\/v2\/product_brand?post=2003"},{"taxonomy":"product_cat","embeddable":true,"href":"https:\/\/ontel.no\/index.php\/wp-json\/wp\/v2\/product_cat?post=2003"},{"taxonomy":"product_tag","embeddable":true,"href":"https:\/\/ontel.no\/index.php\/wp-json\/wp\/v2\/product_tag?post=2003"},{"taxonomy":"woo-feed-brand","embeddable":true,"href":"https:\/\/ontel.no\/index.php\/wp-json\/wp\/v2\/woo-feed-brand?post=2003"}],"curies":[{"name":"wp","href":"https:\/\/api.w.org\/{rel}","templated":true}]}}