{"id":2075,"date":"2024-02-23T11:55:51","date_gmt":"2024-02-23T10:55:51","guid":{"rendered":"https:\/\/ontel.no\/?post_type=product&#038;p=2075"},"modified":"2026-04-13T17:08:46","modified_gmt":"2026-04-13T15:08:46","slug":"blalysbriller-skjermbriller","status":"publish","type":"product","link":"https:\/\/ontel.no\/index.php\/produkt\/blalysbriller-skjermbriller\/","title":{"rendered":"Bl\u00e5lysbriller (skjermbriller)"},"content":{"rendered":"<p>Linser som blokkerer bl\u00e5tt lys: Disse brillene er foret med et spesielt belegg og har linser laget spesielt for \u00e5 filtrere og blokkere ut skadelig bl\u00e5fiolett og LED-lys som sendes ut fra digitale skjermer som datamaskiner, nettbrett og mobiltelefoner. *<\/p>\n<p>Fordeler: Gir beskyttelse for \u00f8ynene dine mot netthinneskader for\u00e5rsaket av bl\u00e5tt lys. Reduserer belastning p\u00e5 \u00f8ynene, hodepine og migrene, samt mental og fysisk tretthet. S\u00f8vnm\u00f8nsteret er forbedret, noe som resulterer i bedre konsentrasjon gjennom dagen og fremmer generell velv\u00e6re. Ikke flere bekymringer om de negative effektene knyttet til lange timer brukt p\u00e5 datamaskiner, TV, digitale skjermer eller arbeid under lysstoffr\u00f8r. H\u00f8y optisk klarhet av gjennomsiktige linser kan gj\u00f8re synet varmere, mykere og klarere.<\/p>\n<p>Praktisk og trygg: Oppgradert fra vanlige databriller, gir disse brillene eksepsjonell beskyttelse mot overeksponering for bl\u00e5fiolett lys. St\u00f8tsikker, vanntett, st\u00f8vfri, lett \u00e5 rengj\u00f8re og trygg \u00e5 ha p\u00e5. Gir beskyttelse hele dagen.<\/p>\n<p>Allsidig: Egnet for studenter, l\u00e6rere, fotografer, IT, videoredigerere og alle som bruker mye tid p\u00e5 \u00e5 se p\u00e5 skjermer. Reseptfrie briller for b\u00e5de menn og kvinner.<\/p>\n<p><div class=\"lazyload smush-lazyload-video smush-lazyload-youtube\" style=\"--smush-video-aspect-ratio: 1220\/686\" data-bg-image=\"url(https:\/\/i.ytimg.com\/vi_webp\/vYXrpoq2ffM\/maxresdefault.webp)\" ><iframe title=\"Evetech Stealth Anti Blue Light Gaming Glasses Review - Sophie Moda x Evetech, good for your brain!\" width=\"1220\" height=\"686\" data-src=\"https:\/\/www.youtube.com\/embed\/vYXrpoq2ffM?feature=oembed\" frameborder=\"0\" allow=\"accelerometer; autoplay; clipboard-write; encrypted-media; gyroscope; picture-in-picture; web-share\" referrerpolicy=\"strict-origin-when-cross-origin\" allowfullscreen src=\"data:image\/svg+xml;base64,PHN2ZyB3aWR0aD0iMSIgaGVpZ2h0PSIxIiB4bWxucz0iaHR0cDovL3d3dy53My5vcmcvMjAwMC9zdmciPjwvc3ZnPg==\"><\/iframe><span class=\"smush-play-btn\" role=\"button\" aria-label=\"Play video\">\r\n\t\t\t\t<span tabindex=\"0\" class=\"smush-play-btn-inner\">\r\n\t\t\t\t\t<span>Play<\/span>\r\n\t\t\t\t<\/span>\r\n\t\t\t<\/span><\/div><\/p>\n","protected":false},"excerpt":{"rendered":"<p>Produktbeskrivelse: briller som blokkerer bl\u00e5tt lys er designet med den seri\u00f8se spilleren\/skjermbrukeren i tankene. Linsene blokkerer skadelig bl\u00e5tt lys, og bidrar til \u00e5 holde \u00f8ynene komfortable og sinnet skarpt. Utviklet for \u00e5 redusere \u00f8yebelastning, blending og potensiell risiko for makuladegenerasjon. Reduksjon i eksponering for bl\u00e5tt lys gir ogs\u00e5 bedre s\u00f8vn.*<\/p>\n","protected":false},"featured_media":2082,"comment_status":"open","ping_status":"closed","template":"","meta":[],"product_brand":[],"product_cat":[119,30,93,99,102,225,16],"product_tag":[683],"woo-feed-brand":[185],"class_list":{"0":"post-2075","1":"product","2":"type-product","3":"status-publish","4":"has-post-thumbnail","6":"product_cat-gaming-accesories","7":"product_cat-tv-audio","8":"product_cat-pc-accessories","9":"product_cat-phone-accessories","10":"product_cat-applewatch-accessories","11":"product_cat-tilbehor-til-ipad","12":"product_cat-ukategorisert","13":"product_tag-diverse","14":"woo-feed-brand-ontel-oem-diverse","16":"first","17":"instock","18":"taxable","19":"shipping-taxable","20":"purchasable","21":"product-type-variable","22":"has-default-attributes"},"_links":{"self":[{"href":"https:\/\/ontel.no\/index.php\/wp-json\/wp\/v2\/product\/2075","targetHints":{"allow":["GET"]}}],"collection":[{"href":"https:\/\/ontel.no\/index.php\/wp-json\/wp\/v2\/product"}],"about":[{"href":"https:\/\/ontel.no\/index.php\/wp-json\/wp\/v2\/types\/product"}],"replies":[{"embeddable":true,"href":"https:\/\/ontel.no\/index.php\/wp-json\/wp\/v2\/comments?post=2075"}],"wp:featuredmedia":[{"embeddable":true,"href":"https:\/\/ontel.no\/index.php\/wp-json\/wp\/v2\/media\/2082"}],"wp:attachment":[{"href":"https:\/\/ontel.no\/index.php\/wp-json\/wp\/v2\/media?parent=2075"}],"wp:term":[{"taxonomy":"product_brand","embeddable":true,"href":"https:\/\/ontel.no\/index.php\/wp-json\/wp\/v2\/product_brand?post=2075"},{"taxonomy":"product_cat","embeddable":true,"href":"https:\/\/ontel.no\/index.php\/wp-json\/wp\/v2\/product_cat?post=2075"},{"taxonomy":"product_tag","embeddable":true,"href":"https:\/\/ontel.no\/index.php\/wp-json\/wp\/v2\/product_tag?post=2075"},{"taxonomy":"woo-feed-brand","embeddable":true,"href":"https:\/\/ontel.no\/index.php\/wp-json\/wp\/v2\/woo-feed-brand?post=2075"}],"curies":[{"name":"wp","href":"https:\/\/api.w.org\/{rel}","templated":true}]}}