{"id":3415,"date":"2024-06-08T20:06:51","date_gmt":"2024-06-08T18:06:51","guid":{"rendered":"https:\/\/ontel.no\/?post_type=product&#038;p=3415"},"modified":"2026-04-13T17:00:18","modified_gmt":"2026-04-13T15:00:18","slug":"enkel-glass-ramme-modul-for-innbygging","status":"publish","type":"product","link":"https:\/\/ontel.no\/index.php\/produkt\/enkel-glass-ramme-modul-for-innbygging\/","title":{"rendered":"enkel glass-ramme modul for innbygging"},"content":{"rendered":"","protected":false},"excerpt":{"rendered":"<p>For enkel veggboks. Kan monteres alle veier, men pass p\u00e5 at tappene p\u00e5 siden korresponderer med hakk p\u00e5 deksel (for enkelt \u00e5 \u00e5pne senere med f.eks. flat skrutrekker). Kombineres med annen innbyggingsmodul (f.eks. termostat eller stikkontakt med eller uten USB, bryter osv.) til den ledige \u00e5pningen. Tykkelse p\u00e5 glassramme\/deksel utenfor vegg: ca. 9mm. (BxH=86x86mm).<\/p>\n","protected":false},"featured_media":3636,"comment_status":"open","ping_status":"closed","template":"","meta":[],"product_brand":[],"product_cat":[30,403,402,108,16],"product_tag":[683],"woo-feed-brand":[185],"class_list":{"0":"post-3415","1":"product","2":"type-product","3":"status-publish","4":"has-post-thumbnail","6":"product_cat-tv-audio","7":"product_cat-innbyggingsdeler","8":"product_cat-innbyggingsmoduler","9":"product_cat-smart-hjem","10":"product_cat-ukategorisert","11":"product_tag-diverse","12":"woo-feed-brand-ontel-oem-diverse","14":"first","15":"instock","16":"taxable","17":"shipping-taxable","18":"purchasable","19":"product-type-variable","20":"has-default-attributes"},"_links":{"self":[{"href":"https:\/\/ontel.no\/index.php\/wp-json\/wp\/v2\/product\/3415","targetHints":{"allow":["GET"]}}],"collection":[{"href":"https:\/\/ontel.no\/index.php\/wp-json\/wp\/v2\/product"}],"about":[{"href":"https:\/\/ontel.no\/index.php\/wp-json\/wp\/v2\/types\/product"}],"replies":[{"embeddable":true,"href":"https:\/\/ontel.no\/index.php\/wp-json\/wp\/v2\/comments?post=3415"}],"wp:featuredmedia":[{"embeddable":true,"href":"https:\/\/ontel.no\/index.php\/wp-json\/wp\/v2\/media\/3636"}],"wp:attachment":[{"href":"https:\/\/ontel.no\/index.php\/wp-json\/wp\/v2\/media?parent=3415"}],"wp:term":[{"taxonomy":"product_brand","embeddable":true,"href":"https:\/\/ontel.no\/index.php\/wp-json\/wp\/v2\/product_brand?post=3415"},{"taxonomy":"product_cat","embeddable":true,"href":"https:\/\/ontel.no\/index.php\/wp-json\/wp\/v2\/product_cat?post=3415"},{"taxonomy":"product_tag","embeddable":true,"href":"https:\/\/ontel.no\/index.php\/wp-json\/wp\/v2\/product_tag?post=3415"},{"taxonomy":"woo-feed-brand","embeddable":true,"href":"https:\/\/ontel.no\/index.php\/wp-json\/wp\/v2\/woo-feed-brand?post=3415"}],"curies":[{"name":"wp","href":"https:\/\/api.w.org\/{rel}","templated":true}]}}