{"id":3450,"date":"2024-06-10T10:56:49","date_gmt":"2024-06-10T08:56:49","guid":{"rendered":"https:\/\/ontel.no\/?post_type=product&#038;p=3450"},"modified":"2026-04-13T16:47:07","modified_gmt":"2026-04-13T14:47:07","slug":"bryter-modul-mekanisk","status":"publish","type":"product","link":"https:\/\/ontel.no\/index.php\/produkt\/bryter-modul-mekanisk\/","title":{"rendered":"bryter-modul mekanisk"},"content":{"rendered":"","protected":false},"excerpt":{"rendered":"<p>NB! Glass\/ramme ikke inkludert &#8211; kun for illustrasjon (kj\u00f8pes separat &#8211; se tilbeh\u00f8r under). For plassering i alle rammene vi har (enkel, dobbel osv.). Klikkes p\u00e5 plass i metallrammen som skrus p\u00e5 veggboks, og glassfront\/deksel klikkes p\u00e5. Uten noen smartfunksjoner. Solide skrufester.<\/p>\n","protected":false},"featured_media":3631,"comment_status":"open","ping_status":"closed","template":"","meta":[],"product_brand":[],"product_cat":[30,403,402,409,108,16],"product_tag":[683],"woo-feed-brand":[185],"class_list":{"0":"post-3450","1":"product","2":"type-product","3":"status-publish","4":"has-post-thumbnail","6":"product_cat-tv-audio","7":"product_cat-innbyggingsdeler","8":"product_cat-innbyggingsmoduler","9":"product_cat-modul","10":"product_cat-smart-hjem","11":"product_cat-ukategorisert","12":"product_tag-diverse","13":"woo-feed-brand-ontel-oem-diverse","15":"first","16":"instock","17":"taxable","18":"shipping-taxable","19":"purchasable","20":"product-type-variable","21":"has-default-attributes"},"_links":{"self":[{"href":"https:\/\/ontel.no\/index.php\/wp-json\/wp\/v2\/product\/3450","targetHints":{"allow":["GET"]}}],"collection":[{"href":"https:\/\/ontel.no\/index.php\/wp-json\/wp\/v2\/product"}],"about":[{"href":"https:\/\/ontel.no\/index.php\/wp-json\/wp\/v2\/types\/product"}],"replies":[{"embeddable":true,"href":"https:\/\/ontel.no\/index.php\/wp-json\/wp\/v2\/comments?post=3450"}],"wp:featuredmedia":[{"embeddable":true,"href":"https:\/\/ontel.no\/index.php\/wp-json\/wp\/v2\/media\/3631"}],"wp:attachment":[{"href":"https:\/\/ontel.no\/index.php\/wp-json\/wp\/v2\/media?parent=3450"}],"wp:term":[{"taxonomy":"product_brand","embeddable":true,"href":"https:\/\/ontel.no\/index.php\/wp-json\/wp\/v2\/product_brand?post=3450"},{"taxonomy":"product_cat","embeddable":true,"href":"https:\/\/ontel.no\/index.php\/wp-json\/wp\/v2\/product_cat?post=3450"},{"taxonomy":"product_tag","embeddable":true,"href":"https:\/\/ontel.no\/index.php\/wp-json\/wp\/v2\/product_tag?post=3450"},{"taxonomy":"woo-feed-brand","embeddable":true,"href":"https:\/\/ontel.no\/index.php\/wp-json\/wp\/v2\/woo-feed-brand?post=3450"}],"curies":[{"name":"wp","href":"https:\/\/api.w.org\/{rel}","templated":true}]}}