{"id":4778,"date":"2024-12-15T22:06:17","date_gmt":"2024-12-15T21:06:17","guid":{"rendered":"https:\/\/ontel.no\/?post_type=product&#038;p=4778"},"modified":"2026-04-17T18:11:25","modified_gmt":"2026-04-17T16:11:25","slug":"amazon-kindle-6-tommer-2024","status":"publish","type":"product","link":"https:\/\/ontel.no\/index.php\/produkt\/amazon-kindle-6-tommer-2024\/","title":{"rendered":"Amazon Kindle 6-tommer (nyeste generasjon) 16GB"},"content":{"rendered":"","protected":false},"excerpt":{"rendered":"<p>Nyeste generasjon Kindle &#8211; lettest og mest kompakt med &laquo;anti-gloss&raquo; skjerm, raskere sideskift, justerbart frontlys og lang batteritid. NB! Ta med et <a href=\"https:\/\/ontel.no\/index.php\/produktkategori\/tv-audio\/lydprodukter\/bluetooth\/\" target=\"_blank\" rel=\"noopener\">Bluetooth-produkt<\/a> for \u00e5 h\u00f8re p\u00e5 lydb\u00f8ker! Produktvariantene (farge, lagringskapasitet osv.) som er gr\u00e5et ut er ikke p\u00e5 lager og kan ikke velges. USB-A til USB-C ladekabel er inkludert i esken. Hvis du trenger USB-A lader og annet tilbeh\u00f8r (beskyttelse anbefales) kan du velge det under (tilbeh\u00f8r). NB2! Det er viktig \u00e5 beskytte skjermen, spesielt dersom du skal ha den med deg eller oppbevare den l\u00f8st i n\u00e6rheten av andre ting som kan skade skjermen (mer utsatt enn en mobiltelefon siden skjermen er st\u00f8rre og en annen type som\u00a0 kan sprekke ved uforsiktig behandling). Kj\u00f8p derfor med omslag\/beskyttelse for \u00e5 hindre skade p\u00e5 skjermen! <a href=\"https:\/\/www.amazon.se\/-\/en\/kindle-2024\/dp\/B0CP31JRLK\" target=\"_blank\" rel=\"noopener\">Se tekniske spesifikasjoner og annen info her p\u00e5 produsentens side (NB! med reklameskjermsparer som kan fjernes mot gebyr via Amazon.com): https:\/\/www.amazon.se\/-\/en\/kindle-2024\/dp\/B0CP31JRLK (klikk her).<\/a><\/p>\n","protected":false},"featured_media":13259,"comment_status":"open","ping_status":"closed","template":"","meta":[],"product_brand":[],"product_cat":[103,27,16],"product_tag":[139,136,137,135],"woo-feed-brand":[175],"class_list":{"0":"post-4778","1":"product","2":"type-product","3":"status-publish","4":"has-post-thumbnail","6":"product_cat-e-readers","7":"product_cat-tablets","8":"product_cat-ukategorisert","9":"product_tag-amazon","10":"product_tag-e-bokleser","11":"product_tag-kindle","12":"product_tag-lesebrett","13":"woo-feed-brand-amazon","15":"first","16":"instock","17":"featured","18":"taxable","19":"shipping-taxable","20":"purchasable","21":"product-type-variable","22":"has-default-attributes"},"_links":{"self":[{"href":"https:\/\/ontel.no\/index.php\/wp-json\/wp\/v2\/product\/4778","targetHints":{"allow":["GET"]}}],"collection":[{"href":"https:\/\/ontel.no\/index.php\/wp-json\/wp\/v2\/product"}],"about":[{"href":"https:\/\/ontel.no\/index.php\/wp-json\/wp\/v2\/types\/product"}],"replies":[{"embeddable":true,"href":"https:\/\/ontel.no\/index.php\/wp-json\/wp\/v2\/comments?post=4778"}],"wp:featuredmedia":[{"embeddable":true,"href":"https:\/\/ontel.no\/index.php\/wp-json\/wp\/v2\/media\/13259"}],"wp:attachment":[{"href":"https:\/\/ontel.no\/index.php\/wp-json\/wp\/v2\/media?parent=4778"}],"wp:term":[{"taxonomy":"product_brand","embeddable":true,"href":"https:\/\/ontel.no\/index.php\/wp-json\/wp\/v2\/product_brand?post=4778"},{"taxonomy":"product_cat","embeddable":true,"href":"https:\/\/ontel.no\/index.php\/wp-json\/wp\/v2\/product_cat?post=4778"},{"taxonomy":"product_tag","embeddable":true,"href":"https:\/\/ontel.no\/index.php\/wp-json\/wp\/v2\/product_tag?post=4778"},{"taxonomy":"woo-feed-brand","embeddable":true,"href":"https:\/\/ontel.no\/index.php\/wp-json\/wp\/v2\/woo-feed-brand?post=4778"}],"curies":[{"name":"wp","href":"https:\/\/api.w.org\/{rel}","templated":true}]}}