{"id":5052,"date":"2025-01-20T17:20:22","date_gmt":"2025-01-20T16:20:22","guid":{"rendered":"https:\/\/ontel.no\/?post_type=product&#038;p=5052"},"modified":"2026-04-13T07:59:11","modified_gmt":"2026-04-13T05:59:11","slug":"apple-iphone-15","status":"publish","type":"product","link":"https:\/\/ontel.no\/index.php\/produkt\/apple-iphone-15\/","title":{"rendered":"Apple iPhone 15 dual eSIM*"},"content":{"rendered":"<p>Prisen gjelder kun telefon. Legg til SIM-eject tool, ladekabel, USB-lader og beskyttelse (anbefales) dersom du trenger det.<\/p>\n<p><a href=\"https:\/\/ontel.no\/index.php\/2023\/11\/16\/nye-graderinger-f-o-m-2024\/\" target=\"_blank\" rel=\"noopener\">Les her om graderinger og batterikapasitet p\u00e5 brukte produkter (gradering A, B, C og D)<\/a>.<\/p>\n","protected":false},"excerpt":{"rendered":"<p>*mulighet for 1 eller 2 eSIM (IKKE fysisk SIM)! 6.1&#8243; Super Retina XDR OLED skjerm, Kamera bak: 48+12 MP, OIS, Utrolig klarhet og farger i sollys, A16 Bionic chip, Dynamic Island, USB-C, MagSafe- og Qi-kompatible.<\/p>\n<p>Alle knapper og funksjoner virker garantert p\u00e5 alle produkter vi selger. Du m\u00e5 velge blant tilgjengelige alternativer (p\u00e5 lager) for \u00e5 f\u00e5 riktig pris og mulighet til \u00e5 legge til handlekurven. NB! Se lenger ned for aktuelt tilbeh\u00f8r (brukte iPhone kommer uten tilbeh\u00f8r &#8211; husk SIM-verkt\u00f8y for \u00e5 sette i SIM-kort, ladekabel, lader og beskyttelse). Alt virker p\u00e5 telefonen. Gradering er kun kosmetisk, <a href=\"https:\/\/ontel.no\/index.php\/2023\/11\/16\/nye-graderinger-f-o-m-2024\/\">les mer om dette (og batterikapasitet) her<\/a>. <a href=\"https:\/\/support.apple.com\/en-us\/111831\" target=\"_blank\" rel=\"noopener\">Se mer informasjon og spesifikasjoner p\u00e5 ekstern side (leverand\u00f8r): https:\/\/support.apple.com\/en-us\/111831 (klikk her)<\/a>.<\/p>\n","protected":false},"featured_media":16425,"comment_status":"open","ping_status":"closed","template":"","meta":[],"product_brand":[],"product_cat":[16,25,96,98],"product_tag":[],"woo-feed-brand":[184],"class_list":{"0":"post-5052","1":"product","2":"type-product","3":"status-publish","4":"has-post-thumbnail","6":"product_cat-ukategorisert","7":"product_cat-smartphones","8":"product_cat-5g-phones","9":"product_cat-brukte-telefoner","10":"woo-feed-brand-apple","12":"first","13":"outofstock","14":"taxable","15":"shipping-taxable","16":"product-type-variable","17":"has-default-attributes"},"_links":{"self":[{"href":"https:\/\/ontel.no\/index.php\/wp-json\/wp\/v2\/product\/5052","targetHints":{"allow":["GET"]}}],"collection":[{"href":"https:\/\/ontel.no\/index.php\/wp-json\/wp\/v2\/product"}],"about":[{"href":"https:\/\/ontel.no\/index.php\/wp-json\/wp\/v2\/types\/product"}],"replies":[{"embeddable":true,"href":"https:\/\/ontel.no\/index.php\/wp-json\/wp\/v2\/comments?post=5052"}],"wp:featuredmedia":[{"embeddable":true,"href":"https:\/\/ontel.no\/index.php\/wp-json\/wp\/v2\/media\/16425"}],"wp:attachment":[{"href":"https:\/\/ontel.no\/index.php\/wp-json\/wp\/v2\/media?parent=5052"}],"wp:term":[{"taxonomy":"product_brand","embeddable":true,"href":"https:\/\/ontel.no\/index.php\/wp-json\/wp\/v2\/product_brand?post=5052"},{"taxonomy":"product_cat","embeddable":true,"href":"https:\/\/ontel.no\/index.php\/wp-json\/wp\/v2\/product_cat?post=5052"},{"taxonomy":"product_tag","embeddable":true,"href":"https:\/\/ontel.no\/index.php\/wp-json\/wp\/v2\/product_tag?post=5052"},{"taxonomy":"woo-feed-brand","embeddable":true,"href":"https:\/\/ontel.no\/index.php\/wp-json\/wp\/v2\/woo-feed-brand?post=5052"}],"curies":[{"name":"wp","href":"https:\/\/api.w.org\/{rel}","templated":true}]}}

<p>Prisen gjelder kun telefon. Legg til SIM-eject tool, ladekabel, USB-lader og beskyttelse (anbefales) dersom du trenger det.</p>
<p><a href="https://ontel.no/index.php/2023/11/16/nye-graderinger-f-o-m-2024/" target="_blank" rel="noopener">Les her om graderinger og batterikapasitet på brukte produkter (gradering A, B, C og D)</a>.</p>

<p>*mulighet for 1 eller 2 eSIM (IKKE fysisk SIM)! 6.1&#8243; Super Retina XDR OLED skjerm, Kamera bak: 48+12 MP, OIS, Utrolig klarhet og farger i sollys, A16 Bionic chip, Dynamic Island, USB-C, MagSafe- og Qi-kompatible.</p>
<p>Alle knapper og funksjoner virker garantert på alle produkter vi selger. Du må velge blant tilgjengelige alternativer (på lager) for å få riktig pris og mulighet til å legge til handlekurven. NB! Se lenger ned for aktuelt tilbehør (brukte iPhone kommer uten tilbehør &#8211; husk SIM-verktøy for å sette i SIM-kort, ladekabel, lader og beskyttelse). Alt virker på telefonen. Gradering er kun kosmetisk, <a href="https://ontel.no/index.php/2023/11/16/nye-graderinger-f-o-m-2024/">les mer om dette (og batterikapasitet) her</a>. <a href="https://support.apple.com/en-us/111831" target="_blank" rel="noopener">Se mer informasjon og spesifikasjoner på ekstern side (leverandør): https://support.apple.com/en-us/111831 (klikk her)</a>.</p>
