{"id":5211,"date":"2025-02-11T06:31:31","date_gmt":"2025-02-11T05:31:31","guid":{"rendered":"https:\/\/ontel.no\/?post_type=product&#038;p=5211"},"modified":"2026-03-15T15:47:00","modified_gmt":"2026-03-15T14:47:00","slug":"google-tv-streamer-4k","status":"publish","type":"product","link":"https:\/\/ontel.no\/index.php\/produkt\/google-tv-streamer-4k\/","title":{"rendered":"Google TV Streamer 4K"},"content":{"rendered":"<div id=\"gsins_7630_6689\" class=\"page-module\" data-tracking-module-name=\"Google TV Streamer - Tech Specs - Specs ROW [hdmi update dtc]\">\n<div class=\"ucc-0 CBCsnf\" data-themecontext-id=\"ucc-0\">\n<section id=\"tv-streamer-techspecs\" class=\"sHXio NdJmme\" data-template-name=\"template_enrichment_table\">\n<div class=\"rIu1vb lBQ83b\" data-component-name=\"grid\">\n<div class=\"M64MEd\">\n<div data-component-name=\"copy_group\">\n<div class=\"S6B33 MPjQcb fK1Pib kN7HAe wKNR9\" data-component-name=\"container\">\n<div class=\"DhljYd\">\n<div>\n<div class=\"D4ljxd\" data-component-name=\"stack\">\n<div class=\"D4ljxd\" data-component-name=\"stack\">\n<div class=\"ebuOQ cvWf9e JP1dyb\">\n<div class=\"O2UGwc duwTyf\">M\u00e5l og vekt:\u00a0 Lengde: 16,3 cm, Bredde: 7,6 cm, H\u00f8yde: 2,5 cm, Vekt: 169 g<\/div>\n<\/div>\n<\/div>\n<\/div>\n<\/div>\n<\/div>\n<\/div>\n<\/div>\n<\/div>\n<\/div>\n<div class=\"rIu1vb lBQ83b\" data-component-name=\"grid\">\n<div class=\"M64MEd\">\n<div class=\"E1Czt\">\n<div data-component-name=\"copy_group\">\n<div class=\"S6B33 MPjQcb fK1Pib kN7HAe wKNR9\" data-component-name=\"container\">\n<div class=\"DhljYd\">\n<div>\n<div class=\"D4ljxd\" data-component-name=\"stack\">\n<div class=\"D4ljxd\" data-component-name=\"stack\">\n<div class=\"ebuOQ cvWf9e JP1dyb\">\n<div class=\"O2UGwc duwTyf\">Oppl\u00f8sning: Opptil 4K HDR, 60\u00a0FPS<\/div>\n<\/div>\n<\/div>\n<\/div>\n<\/div>\n<\/div>\n<\/div>\n<\/div>\n<\/div>\n<\/div>\n<\/div>\n<div class=\"rIu1vb lBQ83b\" data-component-name=\"grid\">\n<div class=\"M64MEd\">\n<div class=\"E1Czt\">\n<div data-component-name=\"copy_group\">\n<div class=\"S6B33 MPjQcb fK1Pib kN7HAe wKNR9\" data-component-name=\"container\">\n<div class=\"DhljYd\">\n<div>\n<div class=\"D4ljxd\" data-component-name=\"stack\">\n<div class=\"D4ljxd\" data-component-name=\"stack\">\n<div class=\"ebuOQ cvWf9e JP1dyb\">\n<div class=\"O2UGwc duwTyf\">Videoformater: Dolby Vision, HDR10, HDR10+, HLG<\/div>\n<\/div>\n<\/div>\n<\/div>\n<\/div>\n<\/div>\n<\/div>\n<\/div>\n<\/div>\n<\/div>\n<\/div>\n<div class=\"rIu1vb lBQ83b\" data-component-name=\"grid\">\n<div class=\"M64MEd\">\n<div class=\"E1Czt\">\n<div data-component-name=\"copy_group\">\n<div class=\"S6B33 MPjQcb fK1Pib kN7HAe wKNR9\" data-component-name=\"container\">\n<div class=\"DhljYd\">\n<div>\n<div class=\"D4ljxd\" data-component-name=\"stack\">\n<div class=\"D4ljxd\" data-component-name=\"stack\">\n<div class=\"ebuOQ cvWf9e JP1dyb\">\n<div class=\"O2UGwc duwTyf\">Lydformater: Dolby Digital, Dolby Digital Plus og Dolby Atmos<\/div>\n<\/div>\n<\/div>\n<\/div>\n<\/div>\n<\/div>\n<\/div>\n<\/div>\n<\/div>\n<\/div>\n<\/div>\n<div class=\"rIu1vb lBQ83b\" data-component-name=\"grid\">\n<div class=\"M64MEd\">\n<div class=\"E1Czt\">\n<div data-component-name=\"copy_group\">\n<div class=\"S6B33 MPjQcb fK1Pib kN7HAe wKNR9\" data-component-name=\"container\">\n<div class=\"DhljYd\">\n<div>\n<div class=\"D4ljxd\" data-component-name=\"stack\">\n<div class=\"D4ljxd\" data-component-name=\"stack\">\n<div class=\"ebuOQ cvWf9e JP1dyb\">\n<div class=\"O2UGwc duwTyf\">Tilkobling: Wi-Fi 802.11ac (2,4 GHz \/ 5 Ghz), Bluetooth\u00ae 5.1<\/div>\n<\/div>\n<\/div>\n<\/div>\n<\/div>\n<\/div>\n<\/div>\n<\/div>\n<\/div>\n<\/div>\n<\/div>\n<div class=\"rIu1vb lBQ83b\" data-component-name=\"grid\">\n<div class=\"M64MEd\">\n<div class=\"E1Czt\">\n<div data-component-name=\"copy_group\">\n<div class=\"S6B33 MPjQcb fK1Pib kN7HAe wKNR9\" data-component-name=\"container\">\n<div class=\"DhljYd\">\n<div>\n<div class=\"D4ljxd\" data-component-name=\"stack\">\n<div class=\"D4ljxd\" data-component-name=\"stack\">\n<div class=\"ebuOQ cvWf9e JP1dyb\">\n<div class=\"O2UGwc duwTyf\">Minne: 4 GB<\/div>\n<\/div>\n<\/div>\n<\/div>\n<\/div>\n<\/div>\n<\/div>\n<\/div>\n<\/div>\n<\/div>\n<\/div>\n<div class=\"rIu1vb lBQ83b\" data-component-name=\"grid\">\n<div class=\"M64MEd\">\n<div class=\"E1Czt\">\n<div data-component-name=\"copy_group\">\n<div class=\"S6B33 MPjQcb fK1Pib kN7HAe wKNR9\" data-component-name=\"container\">\n<div class=\"DhljYd\">\n<div>\n<div class=\"D4ljxd\" data-component-name=\"stack\">\n<div class=\"D4ljxd\" data-component-name=\"stack\">\n<div class=\"ebuOQ cvWf9e JP1dyb\">\n<div class=\"O2UGwc duwTyf\">Lagring: 32 GB<\/div>\n<\/div>\n<\/div>\n<\/div>\n<\/div>\n<\/div>\n<\/div>\n<\/div>\n<\/div>\n<\/div>\n<\/div>\n<div class=\"rIu1vb lBQ83b\" data-component-name=\"grid\">\n<div class=\"M64MEd\">\n<div class=\"E1Czt\">\n<div data-component-name=\"copy_group\">\n<div class=\"S6B33 MPjQcb fK1Pib kN7HAe wKNR9\" data-component-name=\"container\">\n<div class=\"DhljYd\">\n<div>\n<div class=\"D4ljxd\" data-component-name=\"stack\">\n<div class=\"D4ljxd\" data-component-name=\"stack\">\n<div class=\"ebuOQ cvWf9e JP1dyb\">\n<div class=\"O2UGwc duwTyf\">Porter: USB-C (str\u00f8m\/data), HDMI 2.1 (type A), Ethernet (10\/100\/1000 Mbps)<\/div>\n<\/div>\n<\/div>\n<\/div>\n<\/div>\n<\/div>\n<\/div>\n<\/div>\n<\/div>\n<\/div>\n<\/div>\n<div class=\"rIu1vb lBQ83b\" data-component-name=\"grid\">\n<div class=\"M64MEd\">\n<div class=\"E1Czt\">\n<div data-component-name=\"copy_group\">\n<div class=\"S6B33 MPjQcb fK1Pib kN7HAe wKNR9\" data-component-name=\"container\">\n<div class=\"DhljYd\">\n<div>\n<div class=\"D4ljxd\" data-component-name=\"stack\">\n<div class=\"D4ljxd\" data-component-name=\"stack\">\n<div class=\"ebuOQ cvWf9e JP1dyb\">\n<div class=\"O2UGwc duwTyf\">Smarthjemtilkobling:\u00a0 Matter, Thread-grenseruter<\/div>\n<\/div>\n<\/div>\n<\/div>\n<\/div>\n<\/div>\n<\/div>\n<\/div>\n<\/div>\n<\/div>\n<\/div>\n<div class=\"rIu1vb lBQ83b\" data-component-name=\"grid\">\n<div class=\"M64MEd\">\n<div class=\"E1Czt\">\n<div data-component-name=\"copy_group\">\n<div class=\"S6B33 MPjQcb fK1Pib kN7HAe wKNR9\" data-component-name=\"container\">\n<div class=\"DhljYd\">\n<div>\n<div class=\"D4ljxd\" data-component-name=\"stack\">\n<div class=\"D4ljxd\" data-component-name=\"stack\">\n<div class=\"ebuOQ cvWf9e JP1dyb\">\n<div class=\"O2UGwc duwTyf\">Produkter som kreves: Sertifisert HDMI 2.1-kabel kreves, selges separat<\/div>\n<\/div>\n<\/div>\n<\/div>\n<\/div>\n<\/div>\n<\/div>\n<\/div>\n<\/div>\n<\/div>\n<\/div>\n<\/section>\n<\/div>\n<\/div>\n<div id=\"gsins_6329_1848\" class=\"page-module\" data-tracking-module-name=\"Google TV Streamer Tech Specs [WITB] [HDMI update dtc]\">\n<div class=\"ucj-7 CBCsnf\">\n<section id=\"gtv-tech-specs-witb\" class=\"sHXio NdJmme\" data-template-name=\"template_enrichment_table\">\n<div class=\"rIu1vb lBQ83b\" data-component-name=\"grid\">\n<div class=\"M64MEd\">\n<div class=\"E1Czt\">\n<div data-component-name=\"copy_group\">\n<div class=\"S6B33 MPjQcb fK1Pib kN7HAe wKNR9\" data-component-name=\"container\">\n<div class=\"DhljYd\">\n<div>\n<div class=\"D4ljxd\" data-component-name=\"stack\">\n<div class=\"D4ljxd\" data-component-name=\"stack\">\n<div class=\"ebuOQ cvWf9e JP1dyb\">\n<div class=\"O2UGwc duwTyf\">Innhold i esken:\u00a0 Google TV Streamer-enhet, Stemmestyrt fjernkontroll (med 2 medf\u00f8lgende AAA-batterier), Str\u00f8madapter, Str\u00f8mkabel (1,8 m), Quick-Guide<\/div>\n<\/div>\n<\/div>\n<\/div>\n<\/div>\n<\/div>\n<\/div>\n<\/div>\n<\/div>\n<\/div>\n<\/div>\n<\/section>\n<\/div>\n<\/div>\n","protected":false},"excerpt":{"rendered":"<p>Se <a href=\"https:\/\/store.google.com\/no\/product\/google_tv_streamer_specs?hl=no\" target=\"_blank\" rel=\"noopener\">tekniske spesifikasjoner p\u00e5 Google sine sider (klikk her)<\/a>, og annen <a href=\"https:\/\/store.google.com\/intl\/en\/ideas\/articles\/google-tv-streamer\/\" target=\"_blank\" rel=\"noopener\">generell informasjon (engelsk) &#8211; klikk her<\/a>., og <a href=\"https:\/\/store.google.com\/product\/google_tv_streamer?hl=no\" target=\"_blank\" rel=\"noopener\">informasjon p\u00e5 norsk (klikk her)<\/a>.<\/p>\n","protected":false},"featured_media":17357,"comment_status":"open","ping_status":"closed","template":"","meta":[],"product_brand":[],"product_cat":[30,108,106,260,99,16],"product_tag":[],"woo-feed-brand":[285],"class_list":{"0":"post-5211","1":"product","2":"type-product","3":"status-publish","4":"has-post-thumbnail","6":"product_cat-tv-audio","7":"product_cat-smart-hjem","8":"product_cat-smart-tv","9":"product_cat-smartringeklokker","10":"product_cat-phone-accessories","11":"product_cat-ukategorisert","12":"woo-feed-brand-google","14":"first","15":"outofstock","16":"taxable","17":"shipping-taxable","18":"product-type-variable","19":"has-default-attributes"},"_links":{"self":[{"href":"https:\/\/ontel.no\/index.php\/wp-json\/wp\/v2\/product\/5211","targetHints":{"allow":["GET"]}}],"collection":[{"href":"https:\/\/ontel.no\/index.php\/wp-json\/wp\/v2\/product"}],"about":[{"href":"https:\/\/ontel.no\/index.php\/wp-json\/wp\/v2\/types\/product"}],"replies":[{"embeddable":true,"href":"https:\/\/ontel.no\/index.php\/wp-json\/wp\/v2\/comments?post=5211"}],"wp:featuredmedia":[{"embeddable":true,"href":"https:\/\/ontel.no\/index.php\/wp-json\/wp\/v2\/media\/17357"}],"wp:attachment":[{"href":"https:\/\/ontel.no\/index.php\/wp-json\/wp\/v2\/media?parent=5211"}],"wp:term":[{"taxonomy":"product_brand","embeddable":true,"href":"https:\/\/ontel.no\/index.php\/wp-json\/wp\/v2\/product_brand?post=5211"},{"taxonomy":"product_cat","embeddable":true,"href":"https:\/\/ontel.no\/index.php\/wp-json\/wp\/v2\/product_cat?post=5211"},{"taxonomy":"product_tag","embeddable":true,"href":"https:\/\/ontel.no\/index.php\/wp-json\/wp\/v2\/product_tag?post=5211"},{"taxonomy":"woo-feed-brand","embeddable":true,"href":"https:\/\/ontel.no\/index.php\/wp-json\/wp\/v2\/woo-feed-brand?post=5211"}],"curies":[{"name":"wp","href":"https:\/\/api.w.org\/{rel}","templated":true}]}}