{"id":5469,"date":"2025-03-13T23:01:51","date_gmt":"2025-03-13T22:01:51","guid":{"rendered":"https:\/\/ontel.no\/?post_type=product&#038;p=5469"},"modified":"2026-04-09T06:21:05","modified_gmt":"2026-04-09T04:21:05","slug":"onn-google-tv","status":"publish","type":"product","link":"https:\/\/ontel.no\/index.php\/produkt\/onn-google-tv\/","title":{"rendered":"onn. Google TV (krever VPN-ruter for oppsett*)"},"content":{"rendered":"<div style=\"width: 640px;\" class=\"wp-video\"><video class=\"wp-video-shortcode\" id=\"video-5469-1\" width=\"640\" height=\"360\" preload=\"metadata\" controls=\"controls\"><source type=\"video\/mp4\" src=\"https:\/\/i5-richmedia.walmartimages.com\/asr-rm\/00f1fe7c-e525-405b-afa2-0b9f873aac63_video_item360.mp4?_=1\" \/><a href=\"https:\/\/i5-richmedia.walmartimages.com\/asr-rm\/00f1fe7c-e525-405b-afa2-0b9f873aac63_video_item360.mp4\">https:\/\/i5-richmedia.walmartimages.com\/asr-rm\/00f1fe7c-e525-405b-afa2-0b9f873aac63_video_item360.mp4<\/a><\/video><\/div>\n","protected":false},"excerpt":{"rendered":"<p>*NB! Krever (kun for f\u00f8rstegangs-oppsett) amerikansk (f.eks. fra server i USA) IP-adresse. Du m\u00e5 ha en router med VPN (ProtonVPN.com f.eks., som har gratis tjeneste for dette kan benyttes for \u00e5 komme i gang). N\u00e5r den f\u00f8rst er logget p\u00e5 Google-kontoen kan du fjerne\/deaktivere VPN p\u00e5 ruteren hvis du vil og benytte den som vanlig med norsk IP. Til info, s\u00e5 g\u00e5r det ikke an \u00e5 dele VPN fra f.eks. iPhone, s\u00e5 derfor kreves det VPN via ruter. Vi selger (kun begrenset antall forel\u00f8pig) disse til redusert pris pga. dette. Hvis du har router med VPN-mulighet er dette ikke noe praktisk problem (sjekk f\u00f8rst at du f\u00e5r amerikansk VPN via denne til andre enheter). Til info tilbyr ProtonVPN gratis tjeneste for ruter som er ypperlig hvis du bare trenger dette for \u00e5 sette opp f\u00f8rste gang.<\/p>\n<p>Fjernkontroll (forskjellige varianter for de forskjellige modellene), HDMI-kabel (forskjellig lengde for de forskjellige modellene) og str\u00f8mforsyning (overgang fra\u00a0 norsk til US-adapter inkludert). 4K PRO utgaven er ogs\u00e5 en Google smart hub som kan benyttes til \u00e5 styre ditt smarthjem i likhet med den nye Google TV streameren. Den kan tilknyttes ringe-klokke, lys osv.<\/p>\n<p>Runs on Google TV OS for easy setup with your Google account. Supports Dolby Vision for vibrant colors and contrast. Features Dolby Atmos for immersive audio experience. Includes Google Voice Assistant for hands free voice control.<\/p>\n<p><a href=\"https:\/\/i5.walmartimages.com\/asr\/a4396b89-1813-4511-8c38-e4897943102e.fbac182687d14a3133ab1a70c600743c.jpeg?odnHeight=2000&amp;odnWidth=2000&amp;odnBg=FFFFFF\" target=\"_blank\" rel=\"noopener\">Oversikt over de forskjellige modellene (klikk her)<\/a>.<\/p>\n","protected":false},"featured_media":16830,"comment_status":"open","ping_status":"closed","template":"","meta":[],"product_brand":[],"product_cat":[16,291,30,108,106],"product_tag":[],"woo-feed-brand":[501],"class_list":{"0":"post-5469","1":"product","2":"type-product","3":"status-publish","4":"has-post-thumbnail","6":"product_cat-ukategorisert","7":"product_cat-anbefalte","8":"product_cat-tv-audio","9":"product_cat-smart-hjem","10":"product_cat-smart-tv","11":"woo-feed-brand-onn","13":"first","14":"outofstock","15":"taxable","16":"shipping-taxable","17":"product-type-variable","18":"has-default-attributes"},"_links":{"self":[{"href":"https:\/\/ontel.no\/index.php\/wp-json\/wp\/v2\/product\/5469","targetHints":{"allow":["GET"]}}],"collection":[{"href":"https:\/\/ontel.no\/index.php\/wp-json\/wp\/v2\/product"}],"about":[{"href":"https:\/\/ontel.no\/index.php\/wp-json\/wp\/v2\/types\/product"}],"replies":[{"embeddable":true,"href":"https:\/\/ontel.no\/index.php\/wp-json\/wp\/v2\/comments?post=5469"}],"wp:featuredmedia":[{"embeddable":true,"href":"https:\/\/ontel.no\/index.php\/wp-json\/wp\/v2\/media\/16830"}],"wp:attachment":[{"href":"https:\/\/ontel.no\/index.php\/wp-json\/wp\/v2\/media?parent=5469"}],"wp:term":[{"taxonomy":"product_brand","embeddable":true,"href":"https:\/\/ontel.no\/index.php\/wp-json\/wp\/v2\/product_brand?post=5469"},{"taxonomy":"product_cat","embeddable":true,"href":"https:\/\/ontel.no\/index.php\/wp-json\/wp\/v2\/product_cat?post=5469"},{"taxonomy":"product_tag","embeddable":true,"href":"https:\/\/ontel.no\/index.php\/wp-json\/wp\/v2\/product_tag?post=5469"},{"taxonomy":"woo-feed-brand","embeddable":true,"href":"https:\/\/ontel.no\/index.php\/wp-json\/wp\/v2\/woo-feed-brand?post=5469"}],"curies":[{"name":"wp","href":"https:\/\/api.w.org\/{rel}","templated":true}]}}