{"id":6460,"date":"2025-10-25T06:47:11","date_gmt":"2025-10-25T04:47:11","guid":{"rendered":"https:\/\/ontel.no\/?post_type=product&#038;p=6460"},"modified":"2026-04-13T14:08:47","modified_gmt":"2026-04-13T12:08:47","slug":"apple-magsafe-magnetisk-tradlos-lader-for-iphone-usb-c","status":"publish","type":"product","link":"https:\/\/ontel.no\/index.php\/produkt\/apple-magsafe-magnetisk-tradlos-lader-for-iphone-usb-c\/","title":{"rendered":"Apple MagSafe Magnetisk tr\u00e5dl\u00f8s lader for iPhone USB-C"},"content":{"rendered":"<p>UT: max 15W. (st\u00f8tter ogs\u00e5 andre standarder: 5W\/7.5W\/10W)<\/p>\n","protected":false},"excerpt":{"rendered":"<p>Originalt Apple produkt (se spesifikasjoner lenger ned)<\/p>\n","protected":false},"featured_media":6462,"comment_status":"open","ping_status":"closed","template":"","meta":[],"product_brand":[],"product_cat":[99,602,16],"product_tag":[],"woo-feed-brand":[184],"class_list":{"0":"post-6460","1":"product","2":"type-product","3":"status-publish","4":"has-post-thumbnail","6":"product_cat-phone-accessories","7":"product_cat-tradlos-ladere","8":"product_cat-ukategorisert","9":"woo-feed-brand-apple","11":"first","12":"instock","13":"taxable","14":"shipping-taxable","15":"purchasable","16":"product-type-variable","17":"has-default-attributes"},"_links":{"self":[{"href":"https:\/\/ontel.no\/index.php\/wp-json\/wp\/v2\/product\/6460","targetHints":{"allow":["GET"]}}],"collection":[{"href":"https:\/\/ontel.no\/index.php\/wp-json\/wp\/v2\/product"}],"about":[{"href":"https:\/\/ontel.no\/index.php\/wp-json\/wp\/v2\/types\/product"}],"replies":[{"embeddable":true,"href":"https:\/\/ontel.no\/index.php\/wp-json\/wp\/v2\/comments?post=6460"}],"wp:featuredmedia":[{"embeddable":true,"href":"https:\/\/ontel.no\/index.php\/wp-json\/wp\/v2\/media\/6462"}],"wp:attachment":[{"href":"https:\/\/ontel.no\/index.php\/wp-json\/wp\/v2\/media?parent=6460"}],"wp:term":[{"taxonomy":"product_brand","embeddable":true,"href":"https:\/\/ontel.no\/index.php\/wp-json\/wp\/v2\/product_brand?post=6460"},{"taxonomy":"product_cat","embeddable":true,"href":"https:\/\/ontel.no\/index.php\/wp-json\/wp\/v2\/product_cat?post=6460"},{"taxonomy":"product_tag","embeddable":true,"href":"https:\/\/ontel.no\/index.php\/wp-json\/wp\/v2\/product_tag?post=6460"},{"taxonomy":"woo-feed-brand","embeddable":true,"href":"https:\/\/ontel.no\/index.php\/wp-json\/wp\/v2\/woo-feed-brand?post=6460"}],"curies":[{"name":"wp","href":"https:\/\/api.w.org\/{rel}","templated":true}]}}